{"id":831,"date":"2015-06-10T13:00:40","date_gmt":"2015-06-10T11:00:40","guid":{"rendered":"http:\/\/odoroka.de\/?page_id=831"},"modified":"2015-06-11T15:34:26","modified_gmt":"2015-06-11T13:34:26","slug":"karin-kroemer-auftrittscoaching","status":"publish","type":"page","link":"http:\/\/odoroka.de\/?page_id=831","title":{"rendered":"Karin Kroemer Auftrittscoaching"},"content":{"rendered":"<p>Sprechdesign &#8211; Auftrittscoaching f\u00fcr B\u00fchne, Beruf und Alltag<\/p>\n<p>&#8222;Sie sprechen mir zu schlecht. Gehn Sie nach Haus!&#8220; aus &#8222;Cyrano de Bergerac&#8220; von Edmond Rostand<br \/>\n&#8222;Sobald wir im Blickfeld eines anderen auftauchen, haben wir bereits einen Auftritt.&#8220;<\/p>\n<p>Was ist Sprechdesign?<\/p>\n<p>Die gute Nachricht zuerst: Alles, was die gelingende Selbstpr\u00e4sentation mit verbalen und nonverbalen Ausdrucksmitteln umfasst, ist immer schon vorhanden und muss nicht erworben werden. Sprechdesign trainiert die Wahrnehmung und Abrufbarkeit der eigenen Ressourcen.<br \/>\nDie schlechte Nachricht hat Paul Watzlawick auf den Punkt gebracht: Man kann nicht nicht kommunizieren. Ausstieg unm\u00f6glich, wer sich zu entziehen versucht, setzt erst recht ein Statement. Sprechdesign ist Kommunikationstraining f\u00fcr diejenigen, die sich nicht mit dem vermeintlich Selbstverst\u00e4ndlichen begn\u00fcgen, sondern verstehen und anwenden wollen, wie es funktioniert. Man kann im kommunikativen Prozess alles dem Zufall \u00fcberlassen, was v\u00f6llig in Ordnung ist, so lange man sich nicht beklagt, man werde nicht verstanden, nie h\u00f6re einem jemand zu, und \u00fcberhaupt erfahre man nie die geb\u00fchrende Wertsch\u00e4tzung.<br \/>\nSchon im allt\u00e4glichen Gespr\u00e4ch gibt es viele St\u00f6rman\u00f6ver, die den eigentlichen Inhalt verschleiern, unsere Absichten unterlaufen und das Bild verzerren, das der andere sich von uns macht: Sprechen wir zu leise, wirken wir anstrengend, ist unsere Stimme zu hoch und gepresst, h\u00e4lt man uns f\u00fcr unsicher, Nuscheln wirkt inkompetent, und wenn auch noch der K\u00f6rperausdruck inkongruent oder unklar ist, finden wir vielleicht Geh\u00f6r, aber kaum Verst\u00e4ndnis.<br \/>\nBrisant wird es, wenn der Kommunikationsanlass offiziell ist, weil eine Pr\u00e4sentation ansteht, eine Rede gehalten werden soll, ein Bewerbungsgespr\u00e4ch droht oder ganz allgemein &#8222;man vor vielen Menschen etwas sagen muss&#8220;. Viele rutschen dann in das Muster der Pr\u00fcfungssituation, und die schiere (Versagens)Angst \u00fcbernimmt die Regie. Nat\u00fcrlich kann man solche Situationen einfach konsequent vermeiden, von verpassten Chancen tr\u00e4umen und f\u00fcr den Rest des Lebens in dem Irrtum verharren, f\u00fcr bestimmte Karrieren nicht geeignet zu sein.<br \/>\nAllen anderen verspreche ich Abhilfe durch die zunehmende Sicherheit, die sich einstellt, wenn man sich selbst und die eigenen Ressourcen kennt und Situationen und sein Gegen\u00fcber optimal einsch\u00e4tzen kann. Statt das Gelingen von Kommunikation dem Zufall zu \u00fcberlassen (kann klappen), oder sich als Opfer der Umst\u00e4nde in unangenehme Szenarien wie Konflikte treiben zu lassen (macht sehr unzufrieden), beh\u00e4lt der versierte Sprechdesigner die Gestaltungshoheit \u00fcber seinen Kommunikationsanteil und sichert sich die h\u00f6chstm\u00f6gliche Erfolgsquote.<\/p>\n<p>Die Inhalte von Sprechdesign<\/p>\n<p>Klar zu artikulieren, mit angenehmer Stimme zu sprechen und angemessen zu gestikulieren, ist zun\u00e4chst reine \u00dcbungssache. Leider wissen wir von der B\u00fchne, dass gro\u00dfe Sprechkunst sehr langweilig sein kann, wenn der Sprechende sich selbst nicht in den Prozess einbringt. Daher sind Klarheit und Haltung sich selbst, dem anderen und der Situation gegen\u00fcber ebenso wichtige Komponenten, und daf\u00fcr steht bei mir der Begriff Design:<\/p>\n<p>                                SPRECH                               DESIGN<br \/>\nphysiologische                  Stimme                               Verstehen           mentale<br \/>\nFaktoren                        Atmung                               Absicht\/Ziel        Faktoren<br \/>\n                                Artikulation                         Gestaltung<br \/>\n                                K\u00f6rperausdruck<\/p>\n<p>In den Seminaren, Workshops und Unterrichtseinheiten kommen immer beide Aspekte gleichwertig vor, d.h. es gibt<br \/>\n&#8211; Stimm, Atem- und Artikulations\u00fcbungen wie im Schauspieltraining<br \/>\n&#8211; \u00dcbungen zur Wahrnehmung und Auspr\u00e4gung des K\u00f6rperausdrucks<br \/>\n&#8211; Gestaltungsbeispiele mit Texten, Rollenspielen, Auftrittsszenarien, Impro-Theater<br \/>\n&#8211; Trainingseinheiten zu Standardsituationen wie Bewerbungs-, Mitarbeitergespr\u00e4chen, Konfliktszenarien<br \/>\n&#8211; Mentaltraining gegen Auftrittsangst<br \/>\n&#8211; Schlagfertigkeitstrainig<br \/>\n&#8211; Fehlermanagement bei Vortrag und Pr\u00e4sentation<br \/>\n&#8211; Exitstrategien im &#8222;Katastrophenfall&#8220;<\/p>\n<p>Und sollte von den Teilnehmern ein Wunsch oder ein Bed\u00fcrfnis zur Bearbeitung auftauchen, erweitert sich die Liste.<br \/>\nSprechdesign ist immer und haupts\u00e4chlich verspielt &#8211; Rollenspiele, Improvisation &#8211; denn Erfolg stellt sich nachhaltig nur \u00fcber das Erleben und Tun ein, ich wei\u00df wovon ich rede, ich war mal Sch\u00fcler.<\/p>\n<p>Woher kommt Sprechdesign?<\/p>\n<p>Als ich Schauspielerin wurde, war mir nicht bewusst, welchen Reichtum an Ausdrucksmitteln ich f\u00fcr mein Leben abseits der B\u00fchne anh\u00e4ufte. Verschult und verkopft war ich mir so sicher, dass es ausreicht, ein Argument gut auszuformulieren und gegebenenfalls oft genug zu wiederholen. Ich sehe da in der R\u00fcckschau eine Menge vergeudete Zeit mit Endlosdiskussionen, Streitereien und traurigen Missverst\u00e4ndnissen.<br \/>\nZudem war ich viele Jahre damit besch\u00e4ftigt, Angst zu haben: vor Texth\u00e4ngern, Premieren, Regisseuren, dem Publikum, irgendwas gab es immer oder alles gleichzeitig. B\u00fchnenmenschen sprechen verniedlichend von Lampenfieber und reden sich ein, das geh\u00f6re dazu. Ich glaube mittlerweile felsenfest, dass es nicht dazugeh\u00f6rt, sich zu qu\u00e4len, und auch die anderen wollen einen wesentlich seltener qu\u00e4len, als man es ihnen unterstellt.<\/p>\n<p>Sprechdesign habe ich entwickelt, um den Weg aus der Angst, der Unsicherheit, des &#8222;sich-bl\u00f6d-Vorkommens&#8220;, des Aneinandervorbeiredens und der Missverst\u00e4ndnisse abzuk\u00fcrzen und zu zeigen, welchen Gewinn es bringt, im Miteinander bei sich zu sein.<br \/>\nSprechdesign beruht auf meinen Erfahrungen als Schauspielerin und Kabarettistin und bezieht wichtige Anteile aus meiner T\u00e4tigkeit als NLP-Coach. Dass ich examinierte Deutschlehrerin bin und viele Jahre im Einzelhandel gearbeitet habe, schadet dem Ganzen nicht im Geringsten.<\/p>\n<p>Wo gibt es Sprechdesign?<\/p>\n<p>Sprechdesign ist ein Zusatzangebot der ODOROKA Flying School und richtet sich sowohl an die Schauspielsch\u00fcler wie auch an alle, die nicht auf die B\u00fchne m\u00f6chten. Interessenten sind herzlich in die beiden bestehenden Sprechdesign-Gruppen in K\u00f6ln, im Theater in Hof, immer mittwochs und donnerstags von 18.30-19.30 eingeladen.<br \/>\nSprechdesign kann man dar\u00fcber hinaus buchen als Workshop, Seminar, Unterrichtseinheit oder Coaching, entweder in meinen eigenen Prober\u00e4umen oder vor Ort, wo gew\u00fcnscht.<\/p>\n<p>Sprechdesign ist sinnvoll als<br \/>\n&#8211; Instrument zur Pers\u00f6nlichkeitsentwicklung, einzeln oder in der Gruppe<br \/>\n&#8211; Einzelcoaching, wenn ein Solob\u00fchnenprogramm, eine Rede oder ein Vortrag ausgearbeitet werden soll<br \/>\n&#8211; Grundlage im Hinblick auf ein Gruppenthema wie Teambildung<br \/>\n&#8211; ressourchenorientiertes Verkaufstraining<\/p>\n<p>Sprechdesign ist ein flexibles und offenes Konzept und kann jederzeit ma\u00dfgeschneidert werden.<\/p>\n<p>Einzelstunde: 35,- Euro<br \/>\nSeminar\/Workshop vor Ort je nach Unterrichtsumfang und Teilnehmerzahl.<\/p>\n<p>.<br \/>\nMein Hund hat mir beigebracht, dass es auf das &#8222;Wie&#8220; ankommt!<\/p>\n","protected":false},"excerpt":{"rendered":"<p>Sprechdesign &#8211; Auftrittscoaching f\u00fcr B\u00fchne, Beruf und Alltag &#8222;Sie sprechen mir zu schlecht. Gehn Sie nach Haus!&#8220; aus &#8222;Cyrano de Bergerac&#8220; von Edmond Rostand &#8222;Sobald wir im Blickfeld eines anderen auftauchen, haben wir bereits einen Auftritt.&#8220; Was ist Sprechdesign? Die gute Nachricht zuerst: Alles, was die gelingende Selbstpr\u00e4sentation mit verbalen und nonverbalen Ausdrucksmitteln umfasst, ist [&hellip;]<\/p>\n","protected":false},"author":1,"featured_media":0,"parent":0,"menu_order":6,"comment_status":"open","ping_status":"open","template":"","meta":[],"_links":{"self":[{"href":"http:\/\/odoroka.de\/index.php?rest_route=\/wp\/v2\/pages\/831"}],"collection":[{"href":"http:\/\/odoroka.de\/index.php?rest_route=\/wp\/v2\/pages"}],"about":[{"href":"http:\/\/odoroka.de\/index.php?rest_route=\/wp\/v2\/types\/page"}],"author":[{"embeddable":true,"href":"http:\/\/odoroka.de\/index.php?rest_route=\/wp\/v2\/users\/1"}],"replies":[{"embeddable":true,"href":"http:\/\/odoroka.de\/index.php?rest_route=%2Fwp%2Fv2%2Fcomments&post=831"}],"version-history":[{"count":8,"href":"http:\/\/odoroka.de\/index.php?rest_route=\/wp\/v2\/pages\/831\/revisions"}],"predecessor-version":[{"id":846,"href":"http:\/\/odoroka.de\/index.php?rest_route=\/wp\/v2\/pages\/831\/revisions\/846"}],"wp:attachment":[{"href":"http:\/\/odoroka.de\/index.php?rest_route=%2Fwp%2Fv2%2Fmedia&parent=831"}],"curies":[{"name":"wp","href":"https:\/\/api.w.org\/{rel}","templated":true}]}}